late 0 + -8 + 3 + 1.
-4
Evaluate 0 + 6 + 1 - 2.
5
What is the value of (68 - 75) + 0 + 8?
1
What is (-5 + 2 - 2) + (21 - 8)?
8
What is the value of 7 + 11 + -5 + -10?
3
What is -2 - (0 + -12 + (-1 - -7))?
4
Evaluate -2 - 1 - (-14 - (5 - 12)).
4
(135 - 121) + -8 + 0
6
Calculate 0 - (7 - (17 + -5 + -2)).
3
Calculate 3 + 3 - 4 - 5.
-3
Calculate (0 - 1) + (5 - -3 - 6).
1
What is the value of -1 + -2 + 1 + 2 + 1?
1
Evaluate -14 - (-8 - 2 - -3).
-7
What is the value of -2 - (-3 - (8 + -6))?
3
Calculate -11 - ((-12 - -3) + 5).
-7
12 + -12 - 11 - -8
-3
What is the value of 3 + 5 - (1 - (-5 - -1))?
3
What is ((-2 - 1) + 2 - -1) + 1?
1
-3 - -3 - (2 - 5) - -2
5
-5 - (10 + -11 + 4)
-8
What is -3 - -8 - (2 - 2)?
5
What is the value of 1 + 0 + 2 + 0?
3
Evaluate (-1 - -9) + -5 + 0.
3
Calculate (0 - -4) + 2 + (1 - 4).
3
Calculate 0 + 0 - ((-4 - 0) + 9).
-5
What is the value of 1 + (4 - 2 - (1 + -1))?
3
What is the value of (8 + -15 - -15) + -15?
-7
What is the value of 6 + -21 + (7 - (1 - 1))?
-8
Calculate 3 - (-9 + 2 - (-4 + 0)).
6
-3 + -1 + 4 + -4
-4
What is -1 + 0 - -1 - 1 - 1?
-2
Evaluate -23 + 22 - (-7 + 1).
5
What is (15 - (7 + -16)) + -14?
10
(14 - 4) + -1 + -6
3
1 + 4 + -3 + -3
-1
1 + -5 + -14 + 12
-6
(-8 + 3 - -6) + (1 - 0)
2
What is -4 - (-10 + 7 - 8)?
7
What is the value of (-1 - 1) + -8 + 4?
-6
What is the value of (3 - 1 - -5) + 0 - -1?
8
What is -17 + 28 + -2 + -17?
-8
What is the value of 0 + (-4 + 6 - 10) + 4?
-4
Calculate 8 - (1 - (4 + -5 - 4)).
2
Evaluate -2 - -1 - (-4 + 2 - -4).
-3
Evaluate 85 + -89 + 0 + (8 - 1).
3
What is 1 + (1 - (-3 - -5)) + -2?
-2
What is the value of -3 - ((-3 + 3 - -7) + -14)?
4
Calculate -3 + (5 - (3 + -2)).
1
Evaluate 1 - (11 - 4 - (-2 + 6)).
-2
Calculate (1 - -2) + -5 - (-22 - -15).
5
Evaluate -7 - (8 - 12 - (9 + -2)).
4
Calculate 35 + -32 - (0 - -1) - -3.
5
What is (1 - -4) + -3 + -2?
0
What is -12 + 0 + 9 + 1?
-2
What is -9 + 11 - (-2 + (-2 - -1))?
5
72 - 70 - (1 - -7)
-6
What is the value of (18 - 6) + (-2 - -6) + -9?
7
Evaluate (-16 - -16) + (-2 - -8).
6
What is 1 - (-5 + (4 - -1))?
1
What is -1 + 0 + (-7 - -4) + -2?
-6
2 + 0 + 0 + 1 - 8
-5
10 - (-2 + (5 - -2))
5
What is the value of 13 + -8 + (2 - 3)?
4
-7 + -2 + 5 + 12 + -2
6
What is the value of (-10 + 7 - -2) + 6?
5
Calculate 0 - -3 - (-2 - -8).
-3
Evaluate 4 - 5 - (0 + 1 - 2).
0
(-13 - -6 - -19) + -16
-4
What is 4 + 3 + 0 + -2 + -4?
1
What is the value of 2 + 5 + (5 - 6)?
6
Evaluate 6 - 3 - (-2 - -8) - -1.
-2
What is (-1 - 4) + (9 - 8)?
-4
Evaluate -1 + 2 + (-10 - -6).
-3
What is the value of 10 - 5 - (-2 - -4)?
3
Calculate -4 + 1 + 2 + -5.
-6
What is -4 + 2 + (-4 - -2) + 3?
-1
What is -7 - (1 + 7 + -13)?
-2
Calculate -1 + (-2 + 6 + -4 - -4).
3
Calculate 17 + -22 - (-14 + 2).
7
Evaluate 73 + -71 - (0 + 1 - 3).
4
What is the value of -1 + (3 - (1 + 0 + -1))?
2
What is (0 - 2) + -11 + 8?
-5
Evaluate 11 - (23 + 3) - -11.
-4
Calculate (8 - (-6 + 13)) + 2.
3
What is the value of 5 + -2 + (2 - -6) + -5?
6
(-2 - (-2 + 3 + -3)) + 5
5
What is (0 - (1 - 6)) + -12?
-7
What is the value of 21 + (3 - 26) - (-5 - 0)?
3
What is -6 - (-60 - -58 - (0 + 2))?
-2
What is -4 - (0 - (-3 + -1)) - -4?
-4
What is the value of 8 + -8 + (-12 - -9)?
-3
3 + 0 + 0 + (1 - 4)
0
-2 + 1 + (1 - -1 - 4)
-3
What is -2 - (-2 - 4) - 7?
-3
What is the value of -3 + (-4 - -3) - (12 + -23)?
7
What is (-2 - 0) + -32 + 40?
6
What is the value of 1 + (1 - 5) + (0 - 3)?
-6
2 - (8 + (-6 - -1))
-1
Calculate (0 - (-21 - -11)) + -3.
7
Calculate 7 - (11 - (-2 - -4)).
-2
Calculate (-3 - -3 - -4) + 15 + -14.
5
What is the value of 10 - 5 - (-1 + -2 + 4)?
4
Calculate 3 + -2 + (-3 - (-3 + -3)).
4
What is 0 + -3 - (6 + 0 + -7)?
-2
What is -6 + (-1 - (5 + -10))?
-2
What is the value of 3 + (-6 - 0 - (1 - 14))?
10
Evaluate 1 - (3 + -3 + 2).
-1
What is the value of 2 + -5 + 12 + -4 + 0?
5
What is the value of 6 + (2 - 7) + 4?
5
Evaluate 10 + -15 + -1 + 4.
-2
What is the value of 136 - 153 - (-14 + 1)?
-4
-2 - 0 - (1 + (-3 - -5))
-5
1 + 1 - (-3 + 5 + -1)
1
Calculate (-2 - 2) + 3 - (1 - -2).
-4
What is the value of -11 - (-6 + (-2 + 5 - 1))?
-7
Evaluate -8 + (3 - 5 - (3 + -5)).
-8
What is (-5 + 8 + -2 - 8) + -1?
-8
What is 2 - 9 - -7 - 1?
-1
Evaluate 8 + -5 + (0 - -1 - 2).
2
Evaluate (-9 - -1) + 0 - (-9 + 3).
-2
What is (-4 - -1) + 7 - 6?
-2
What is 68 + -67 + (1 + -2 - -3)?
3
-1 + 3 - (-1 - -8)
-5
What is the value of (-4 - -5) + 6 + -5 + -4?
-2
Evaluate 6 + -8 + (2 - 4).
-4
Calculate -1 + 2 + -2 - -3.
2
0 + (2 + -4 - -3 - -3)
4
Calculate 0 - 1 - (-7 + 5).
1
What is 0 + 0 + 8 + -8 - 3?
-3
Evaluate -6 - (0 + 2 + -1).
-7
Calculate (3 - 2) + -1 - (-1 + 6).
-5
Evaluate 0 - (-3 + -3 + 5).
1
What is 0 - 6 - (15 - 19)?
-2
What is 0 - (4 + -7 - -1)?
2
What is -106 + 96 + 2 + 10?
2
Evaluate -4 + -1 + -8 + 6 + 5.
-2
Evaluate -2 + 3 + -6 - (-19 + 13).
1
Evaluate (-2 - 2) + 10 + 0 + -1.
5
What is the value of 0 + 3 + -3 - -1?
1
Calculate (-9 - -6) + 11 + -20 + 1.
-11
What is (-4 - -6) + (-2 - -1) - -1?
2
(-2 - -4 - 4 - -1) + -1
-2
Calculate 11 - 6 - 4 - 6.
-5
-3 - (-8 + 4 - (2 + -8))
-5
What is -4 + 0 + (0 - (-26 + 24))?
-2
9 - (21 + (10 - 18))
-4
Calculate -3 + (2 - (3 - 3)).
-1
Evaluate -7 + 1 + (-3 + 6 - 2).
-5
Evaluate -6 + 2 + (4 - -3).
3
What is the value of 0 + (4 + -11 + 3 - 1)?
-5
(-2 - -13) + -5 - 4
2
75 - 68 - (-1 - -1)
7
What is the value of 1 + 6 - (-21 + (45 - 23))?
6
Calculate (0 - 0 - 7) + -17 + 21.
-3
What is -4 + -1 + 4 + (0 - 1)?
-2
What is the value of (-1 - 2) + 7 + -6?
-2
What is the value of -5 + (13 - 4) + (1 - 0)?
5
What is 0 + -2 - (-28 + 30)?
-4
(-8 - -3 - (-2 - 2)) + -5
-6
What is the value of -2 - (-4 + (4 - 0) - 1)?
-1
What is -6 - -6 - ((3 - 0) + -6)?
3
What is the value of (14 - 10) + 1 + 4 + -3?
6
Calculate (-133 - -123) + (0 - -12).
2
Evaluate 1 + -1 + -4 + 9 + -10.
-5
Calculate (1 - 0) + -5 + (154 - 152).
-2
Evaluate (6 + -14 - -7) + (1 - 2).
-2
Evaluate 31 + -32 - (2 + 0 + -3).
0
What is (8 - 1) + -6 + -3 + 3?
1
What is the value of 0 - (6 + -3 + -5 + 7)?
-5
(2 - (0 + 11)) + 12
3
Evaluate (-1 - -1 - 5) + (-289 - -292).
-2
Calculate -3 - -2 - (1 + -1).
-1
Evaluate (6 - 1) + (-28 - -28).
5
Calculate (-1 - -3) + (-40 - -33).
-5
Evaluate 0 - 5 - (14 - 11) - -6.
-2
Calculate 11 - (-2 + 11 - 5).
7
Calculate 1 + 1 + 3 + 3 + -4.
4
Evaluate 0 + 1 - (0 - -1) - 4.
-4
What is the value of 12 + -11 + -6 + 6?
1
Calculate 9 - 13 - (-2 + -1 + -3).
2
What is 1 + 0 - (9 + -4 - -1)?
-5
-1 + (-3 - (-2 + -5)) + -5
-2
What is the value of -8 + 8 + (6 - 7)?
-1
Evaluate -4 - ((-1 - -3) + 24 + -30).
0
What is the value of 5 - ((-4 - -1) + 6)?
2
What is -1 - (-5 + -6 + 8)?
2
What is the value of 0 + 4 + -11 - -10?
3
What is the value of (12 - 5) + -1 + 0?
6
What is -10 - (2 - (13 + -1))?
0
-264 - -264 - (-1 + -8)
9
Evaluate 1 - (1 - (-9 + 5) - 7).
3
Evaluate -4 + 1 + 5 + -8 + 4.
-2
What is the value of -3 - -2 - -2 - 2?
-1
Evaluate 6 + 2 + (3 - 6).
5
-5 - ((2 - 1) + -12 + 10)
-4
Calculate -2 + -2 + 11 + 2.
9
What is the value of (1 - -4) + (-1 - -2) + -4?
2
-4 + (3 - 2 - (-8 - -8))
-3
What is -14 + 6 + (1 - (5 + -9))?
-3
Evaluate (-11 - -3) + 9 + (-2 - -3).
2
Calculate -3 - (-4 + (5 - (-3 + 7))).
0
What is the value of -1 + 4 + -10 + 7 - -2?
2
What is -3 + 11 + (4 - 8)?
4
-3 + -4 + 4 + 4
1
Calculate -2 - ((0 - 0) + (-1 - -4)).
-5
Calculate 3 + 2 + 1 + -39 + 33.
0
Evaluate 7 + 1 + -15 + 6.
-1
Evaluate 1 - -2 - (-2 + 5 + -1).
1
What is the value of 17 + -12 - (-3 + 4 + 2)?
2
What is -1 + 0 + (6 + -4 - 2)?
-1
What is (-3 + -8 - -8) + -4?
-7
(0 - -1) + 7 + 2 + -8
2
Evaluate 14 + -8 + 6 + -9.
3
Calculate 2 + -4 + (-6 - (-3 - 2)).
-3
What is the value of 1 - (3 + -4 + 2)?
0
What is -7 - (-15 + 9 + 1)?
-2
What is the value of (-3 - (4 - 2)) + 4?
-1
Evaluate (4 + 6 - (-6 - -10)) + -6.
0
Calculate 9 + -3 + 5 + -3 - 3.
5
Calculate -16 + 11 + 4 - (-1 + -1).
1
-1 - 1 - -1 - (18 + -17)
-2
What is (-1 - -8) + -8 + 4 + -2?
1
Evaluate 2 + 2 + 2 + 0 + -4.
2
Calculate 6 + -7 + (2 - 2) - 1.
-2
What is -16 - (-5 + 13 + -17)?
-7
(2 - 9 - -9) + (-6 - 3)
-7
Evaluate 10 + (0 - 5 - 0) - 2.
3
-15 + 10 + -7 + 6
-6
(2 - 0 - -4) + -1
5
Calculate -7 - (0 - (9 - 8)).
-6
What is 2 - ((-4 - -5) + 1)?
0
What is the value of -7 + 3 - (2 - (4 + 0))?
-2
2 - -1 - (-6 + 8) - -1
2
Calculate (-6 - 1) + 1 + 1 - -1.
-4
What is 1 + (25 - 31) - (-1 + -1)?